- -13) + 27 + -32?
7
3 - (0 - ((4 - 3) + -1))
3
15 - 21 - ((1 - 1) + -3)
-3
Evaluate -3 + -2 + 12 - 0 - 13.
-6
What is the value of 3 - 2 - (11 - 3)?
-7
0 + (6 - 5) - -1
2
What is (0 - 3) + (9 - 3) + -2?
1
Evaluate 5 + (69 - 73) + 1 + 4.
6
4 - 12 - (-6 + (-1 - -3))
-4
What is (1 - -5) + -1 + (3 - 4)?
4
Calculate -11 - (11 - 4 - 14).
-4
What is the value of (1 - 0) + -3 - (12 + -6)?
-8
What is (1 - (-5 + 13)) + 5?
-2
What is -2 - (-3 + 2) - -1?
0
Evaluate 1 + -4 + 6 + -7 + 1.
-3
What is 4 + -2 - (13 - 12)?
1
Evaluate -3 + (3 + 3 - -1) + -3.
1
What is 0 + 1 + (-4 - -4)?
1
Evaluate (-1 - (-7 + -3)) + -2 - 8.
-1
What is the value of -3 + -4 + (1 - -1)?
-5
What is the value of 1 - 4 - (-4 - -1)?
0
-4 + -1 + (2 - -10) - 4
3
What is (2 - -4) + (-4 - (-1 + 9))?
-6
What is -17 + (8 + 13 - 8)?
-4
Calculate -1 - (-5 + 0) - 3.
1
Calculate -8 + (20 + -3 - 5) + -6.
-2
Calculate 0 + 2 - (-5 - (-13 - -2)).
-4
What is the value of -1 + -3 + 5 + -9 + 0?
-8
Evaluate -9 + -3 + 2 - -6.
-4
Evaluate -24 - -28 - (0 - -1).
3
What is 11 + -3 + (12 - 26)?
-6
What is (-16 - -21) + (3 - (11 + -2))?
-1
What is -4 + (-3 - 0 - -5)?
-2
-8 + 0 + 1 + 13
6
What is the value of -2 - ((1 - 11) + (34 - 29))?
3
3 + (2 + -2 - 5)
-2
Evaluate -3 + -1 + (0 - (3 - 6)).
-1
3 - -1 - (-7 + 15)
-4
What is the value of 12 + (-4 - (-11 - -17))?
2
Calculate -2 - (0 - -3 - 5).
0
What is the value of -8 - ((3 - 2) + 1) - -4?
-6
-3 - (-12 + -5 + 10 + -1)
5
-4 + 4 + (0 - 2)
-2
(1 - 1) + (6 - (-5 - -9))
2
Calculate 9 + (4 - (2 + 9)).
2
(-13 - (1 + -3)) + (-98 - -102)
-7
What is the value of 9 + -5 - 3 - 6?
-5
1 - (2 + 0) - 3
-4
What is the value of -2 + -4 + (9 - 7) + 1?
-3
What is the value of 4 - ((-3 - -1) + 1)?
5
What is the value of 1 - (5 - (2 + -2)) - 1?
-5
-2 + 10 + (1 + 2 - 7)
4
(4 - -6) + (-4 - 2)
4
What is the value of (-4 - -10) + (0 - 4) - 4?
-2
Calculate 0 + -46 + 36 + 7 + -1.
-4
-2 + (6 - 7) + 8
5
What is -7 + 3 + (6 - 0)?
2
What is the value of 2 - 4 - (2 + -3 + -3)?
2
Calculate -7 - (-3 + 8 - 7).
-5
-1 + 0 - (10 - 10)
-1
8 + -2 + (-6 - 0 - -5)
5
Calculate 1 - (9 - (8 + 7)).
7
-1 - 1 - 1 - (-21 - -20)
-2
7 + 1 + (-22 - -18)
4
What is the value of -5 + -3 + -8 + 12?
-4
Evaluate (2 - (2 - 3)) + (-1 - 1).
1
What is the value of -2 - -3 - (-6 + 4)?
3
Calculate 7 - (3 - 0) - (6 - 6).
4
Calculate -7 - (-12 + (13 - 6)) - -7.
5
-2 + 1 + -2 - (-7 - -2)
2
(1 - (1 + -2)) + (11 - 8)
5
What is 2 + (-2 - -2) + -1?
1
What is the value of -8 + (7 - 6) - (0 - 2)?
-5
Calculate -8 + 4 + (10 - 11).
-5
What is 25 + -24 + (-1 - -2 - 1)?
1
What is the value of 1 - (3 + 1 - (-4 + 5))?
-2
Calculate -5 - (5 - 0 - 13).
3
Evaluate 38 + -30 + (-6 - -3).
5
What is (-5 - (2 + -4) - -6) + -3?
0
Evaluate (1 - -2) + 3 + -11.
-5
Evaluate (-3 - 2) + 2 - (-2 - 0).
-1
What is 14 - 13 - (0 - 1)?
2
What is -14 + 18 + -4 + (-3 - -6)?
3
What is (4 - 13) + 7 + (3 - -1)?
2
Calculate (-11 - -9) + (1 - (4 - 0)).
-5
What is the value of -4 - -11 - (5 - 3) - 4?
1
Evaluate -3 + (6 - (-3 - -6)).
0
Calculate 11 - 9 - (1 - 1).
2
What is 3 - -4 - (-1 - (-5 + 2))?
5
Calculate 8 - -5 - (1 - -5) - 7.
0
What is the value of (5 - (1 - -2)) + 4?
6
Evaluate -7 - -5 - (0 - 1) - -3.
2
What is 0 - -1 - (20 - (17 + -2))?
-4
Evaluate 9 - (4 - (-1 - (4 - 4))).
4
What is the value of (-2 - -6) + -8 + 1?
-3
-5 - ((-3 - -3 - 3) + -2)
0
(9 - 4) + (-2 - 1 - -1)
3
What is the value of -1 + -4 - -1 - -3 - 2?
-3
(2 - (3 - 1)) + (-8 - -5)
-3
Evaluate 3 + (4 - 2) - (12 - 2).
-5
What is -4 - (-9 - 0 - -6) - -6?
5
(-4 - 1) + 4 - (-9 - -2)
6
What is the value of 5 + -4 + 0 + (-1 - 0)?
0
What is the value of -3 - 0 - -4 - 5?
-4
What is 9 + (2 - 6) - 1?
4
What is the value of (5 - 7) + 0 - 1?
-3
2 + -4 - (1 - 5)
2
What is -4 - (3 + -3 + -5)?
1
Calculate (0 - 2 - -2) + 4.
4
Evaluate -3 + 2 - (-6 + -2 + 6).
1
Evaluate (1 - (-3 - -1)) + -1 + 4.
6
What is 5 + -1 + 3 + (-3 - 0)?
4
Calculate (6 - 2) + 2 + -5 + -1.
0
Evaluate 11 - ((11 - -9) + -11).
2
Calculate 2 + -2 + -4 + 1 + 1.
-2
What is the value of -6 + 3 + 1 + 0?
-2
Evaluate -4 - (-14 + 3 - -7).
0
Calculate 3 + 3 + -6 + 0.
0
What is the value of (5 + -3 - 0) + 1 + 0?
3
0 + (0 - 3) - (2 - 4)
-1
Calculate 3 - (13 - (3 + 3)).
-4
What is -4 - (-1 + 5 + -6)?
-2
Calculate (0 - -6) + -1 - (-1 + 2).
4
-5 + 3 - (5 + -12) - 11
-6
2 - (-1 - (-2 + -1))
0
Calculate -1 + 4 + -3 + -2.
-2
Calculate 0 + -1 + 3 + -5.
-3
Calculate 2 + (2 - (-3 + 4 + -3)).
6
-3 + (-5 - 4 - -7)
-5
Calculate (0 - 1 - -3) + -5.
-3
What is 57 + -35 - (-4 + 16)?
10
What is the value of -3 + 5 + 5 + -7?
0
(-3 - (-3 + -2)) + -4
-2
What is the value of -1 + (-3 + 5 - 4)?
-3
Evaluate -1 + -1 + 5 + -7.
-4
Calculate -4 + -5 + 5 - -3.
-1
What is (-1 - 0) + 2 + -3 + -2?
-4
Evaluate 2 - ((-6 - -15) + (-1 - 3)).
-3
Calculate 2 + -2 + 1 + 2.
3
Evaluate 15 + -5 + -3 + -2.
5
What is (11 - 7) + (0 - 2) + -4?
-2
Calculate 2 + (7 - 5) + -5.
-1
-2 + (3 - 1 - (-11 + 12))
-1
What is the value of 30 + -34 + (9 - 1) + -6?
-2
Evaluate 12 + -6 + (-28 - -14).
-8
6 + 5 + -6 - 0 - 3
2
What is the value of -5 - (-5 + -1 + 0) - -3?
4
What is the value of -3 + (0 - 0) - -1?
-2
What is the value of -3 + (1 - -2) - 1?
-1
(5 + -2 - 1) + (-11 - -13)
4
Evaluate 9 + (4 + -11 + 7 - 1).
8
Calculate 0 + 1 - (-5 + -3 - -7).
2
12 - (-7 + 13) - 14
-8
Evaluate -5 + 9 + (2 - -1 - 7).
0
Calculate -3 + (6 + -2 + 4 - 2).
3
Evaluate -5 + (4 - (-7 + 8)).
-2
What is 0 + (-2 - (3 + 0))?
-5
5 - (3 + -5) - (-1 - -5)
3
Calculate 3 + (-2 - (-2 + -4)).
7
What is -15 + 17 + -5 + -2?
-5
Calculate (-2 - (-2 + (4 - 5))) + -3.
-2
-3 + 0 + (15 + -7 - 11)
-6
What is (-1 - -1) + (3 - (0 - -1))?
2
What is the value of 0 - (-1 + (-4 - (-3 + 1)))?
3
(0 - 5) + (14 - 9) - 3
-3
What is 5 + (-2 - (0 - 0)) - 4?
-1
What is the value of -11 + -6 + 6 + 5?
-6
0 + 4 + -12 + 12 - 2
2
Calculate -9 + (0 - (2 - 3) - -3).
-5
Calculate -15 - -8 - 1 - -11.
3
Calculate (0 - (3 + -1 + -1)) + -3.
-4
Evaluate (-51 - -49) + (-2 - 3).
-7
Evaluate -5 - (2 + 1 + -7) - -4.
3
What is the value of (-1 - (-10 + 4)) + -3 + -1?
1
What is (-4 - (10 + -8)) + 1?
-5
Evaluate (6 - 17 - -6) + 2.
-3
Calculate -11 + 17 + -10 - -9.
5
Calculate 2 + (2 - -2) + -3 + -1.
2
Calculate -8 + 1 - (-7 + 4).
-4
What is the value of 0 + (3 - (-1 - -2)) + 1?
3
What is the value of 4 + -10 + (1 - (-5 + 1))?
-1
What is the value of (-14 - -9) + (1 - 0)?
-4
Evaluate 2 + -4 + 9 + -3.
4
Evaluate 5 - (-3 + (5 - (-2 + 1))).
2
What is the value of -4 + 4 + (-1 - (-1 + -1))?
1
Calculate -2 - -9 - (7 + 0 + -4).
4
What is the value of (0 - -7 - -2) + (-8 - -4)?
5
What is 8 + -5 + -5 - -9 - 1?
6
0 + -3 + -1 + (2 - 3)
-5
What is the value of (5 - 0) + (1 - 1 - 10)?
-5
Evaluate 0 + 2 + -6 + (39 - 35).
0
Evaluate -9 + 14 + -6 - (1 + 1).
-3
4 - 5 - (-6 + 3)
2
What is the value of (-2 - (-1 - -1)) + (5 - 5)?
-2
Evaluate 3 + (-10 - -6) + (-2 - 0).
-3
-4 + 7 + -3 + 5
5
What is -132 - -125 - (-10 - -1)?
2
What is 2 - (-4 + 4 + 5 + -8)?
5
Calculate -2 + -2 + (15 - 11).
0
Evaluate 7 - (0 + 1 + -5 + 6).
5
Evaluate -1 + -1 + -5 + 2.
-5
Calculate -4 + (1 + 6 - 4) + 2.
1
What is -1 + (-5 - -3) - -2?
-1
Calculate -17 + (2 - (3 + -12)).
-6
Evaluate -3 + (-5 - -4) + -1.
-5
What is (4 - -3) + 1 + -5 + 1?
4
Evaluate -1 + -7 + (2 - -4).
-2
-3 - (0 - 3 - (25 - 27))
-2
-15 + 9 + 8 - (0 + 1)
1
What is the value of (-5 - -1) + 3 + -2 + 8?
5
What is the value of 1 + 2 + -3 + (-7 - -5)?
-2
What is the value of 6 - 5 - (-6 - -3) - 5?
-1
Calculate 7 - 1 - (2 - -7 - 6).
3
What is the value of 4 + -6 + -1 + 1 + 4?
2
What is -4 - 1 - -12 - (3 - -1)?
3
(-3 - -5 - -1) + -4 + -1
-2
Calculate (5 - 11) + 10 + -9.
-5
What is -2 + (-2 - (2 - 8))?
2
Evaluate (3 - -4) + -8 + 2.
1
Evaluate 3 + -1 - (2 + -5 - -10).
-5
What is the value of (0 - (-1 - (-2 - -1))) + 3?
3
Evaluate (1 - (1 - -2)) + (0 - 0).
-2
(4 - (-5 + 6)) + 2
5
What is the value of -4 + 2 - -4 - (-2 + 3)?
1
What is -9 + 10 - (8 + 0 + -2)?
-5
What is the value of 19 - (11 - (6 + -6))?
8
Evaluate 7 + 0 + -1 - (-17 - -30).
-7
What is -2 + -5 + 3 - (-3 - -4)?
-5
What is the value of 0 + -1 + (4 - (4 + -8))?
7
What is the value of (0 + -1 - 2) + 0?
-3
12 - 12 - (-3 - -1)
2
Evaluate 9 + -11 - 6 - -10.
2
What is -8 + (-8 - (-7 + 4)) - -6?
-7
Evaluate -1 - ((-1 - -3) + -3 + 2).
-2
Calculate 0 - (3 - (-1 + 2)).
-2
8 + 1 + (-2 - (-1 - -3))
5
Calculate -16 + (-1 +